8.
24
What is the highest common factor of 176 and 33574376?
88
What is the greatest common divisor of 16990 and 1073946395?
8495
Calculate the greatest common factor of 3160752 and 322.
322
Calculate the highest common divisor of 22 and 2685738.
22
Calculate the greatest common divisor of 1544950 and 1177.
11
Calculate the greatest common divisor of 58855 and 819625.
395
Calculate the greatest common factor of 256 and 5012192.
32
What is the greatest common factor of 273 and 3010910?
7
What is the greatest common factor of 23 and 94835?
1
What is the highest common divisor of 7688780 and 2508?
44
What is the greatest common divisor of 1960 and 490040?
40
Calculate the highest common divisor of 1518210 and 6156.
54
Calculate the highest common divisor of 93486 and 3174.
6
Calculate the greatest common divisor of 8844 and 638175.
201
What is the highest common factor of 1002 and 13728569?
167
What is the greatest common factor of 81 and 82879821?
27
Calculate the highest common factor of 2167 and 29829149.
197
What is the greatest common factor of 8249408 and 2752?
64
What is the greatest common divisor of 10 and 803959610?
10
What is the greatest common divisor of 11477 and 10118722?
499
What is the greatest common divisor of 130156545 and 1005?
1005
What is the greatest common factor of 459648 and 349524?
4788
Calculate the highest common divisor of 3331585 and 5.
5
Calculate the highest common divisor of 816 and 25104.
48
What is the greatest common divisor of 5246 and 11601529?
2623
Calculate the highest common divisor of 1422 and 80227818.
1422
Calculate the greatest common divisor of 389944 and 38552.
632
Calculate the highest common divisor of 11350640 and 8848.
112
What is the greatest common factor of 402050 and 13975?
1075
What is the greatest common divisor of 11584 and 82174?
362
Calculate the highest common factor of 47354690 and 40.
10
What is the highest common factor of 586196625 and 200?
25
Calculate the greatest common factor of 617117674 and 978.
326
Calculate the highest common divisor of 6882250 and 2250.
250
Calculate the highest common divisor of 11058488 and 123839.
3347
Calculate the highest common divisor of 176 and 190598784.
16
What is the highest common factor of 1569949 and 24002?
1091
What is the highest common divisor of 27488 and 1139893?
859
Calculate the greatest common factor of 22 and 481573444.
22
Calculate the highest common divisor of 71 and 1014352150.
71
Calculate the greatest common factor of 4693 and 12027076.
361
What is the highest common factor of 267576 and 312?
24
What is the greatest common factor of 648000 and 10300608?
5184
What is the greatest common factor of 3410 and 666490?
110
Calculate the greatest common factor of 54150 and 1786.
38
Calculate the highest common divisor of 152041071 and 21.
21
Calculate the highest common divisor of 851625285 and 85.
85
Calculate the highest common factor of 51 and 28513981.
17
What is the highest common divisor of 926 and 59952481?
463
What is the greatest common divisor of 13972 and 503202?
14
What is the greatest common factor of 506 and 725406?
22
What is the highest common factor of 940617 and 54?
9
Calculate the greatest common factor of 6117575 and 75.
25
What is the highest common factor of 827500 and 426500?
500
What is the highest common factor of 350 and 133280?
70
What is the greatest common divisor of 735 and 624946?
49
What is the highest common factor of 1183 and 17980417?
1183
Calculate the greatest common divisor of 22726 and 194711.
11
Calculate the highest common factor of 2753764 and 32240.
52
What is the greatest common divisor of 4579542 and 2592?
18
Calculate the highest common factor of 26355 and 976185.
105
What is the greatest common divisor of 4727256 and 58316?
244
Calculate the greatest common divisor of 6 and 1893325992.
6
Calculate the highest common factor of 19907997 and 9174.
417
What is the highest common factor of 4428 and 984780?
36
What is the highest common factor of 1413819 and 1620?
9
Calculate the greatest common factor of 62264 and 1184464.
1448
Calculate the greatest common divisor of 854563 and 7011.
779
Calculate the highest common factor of 5260752 and 87312.
816
What is the highest common divisor of 1466 and 34750064?
1466
What is the highest common divisor of 11 and 232279267?
11
What is the highest common factor of 1548480 and 56640?
960
Calculate the greatest common divisor of 5174374 and 2.
2
Calculate the highest common factor of 122 and 193686.
2
Calculate the greatest common divisor of 1125 and 118250.
125
Calculate the highest common factor of 56011 and 102779.
79
Calculate the greatest common divisor of 60 and 74219335.
5
Calculate the highest common factor of 45096 and 15988411.
1879
Calculate the highest common divisor of 1336774 and 799.
47
What is the highest common factor of 7263312 and 2576?
112
What is the greatest common factor of 1745700 and 2937?
33
What is the greatest common divisor of 12 and 110986892?
4
Calculate the highest common divisor of 15807218 and 3507.
1169
What is the greatest common factor of 1779935 and 10375?
415
What is the highest common divisor of 665 and 478896915?
35
Calculate the highest common divisor of 1529 and 6594093.
11
What is the greatest common factor of 4117 and 4593?
1
Calculate the greatest common factor of 24131864 and 24.
8
What is the greatest common divisor of 1086 and 16011441?
543
Calculate the highest common factor of 1908 and 1034454.
318
What is the greatest common factor of 55236531 and 1344?
21
What is the greatest common factor of 144 and 129948804?
36
Calculate the highest common divisor of 76020 and 238980.
420
Calculate the highest common divisor of 72291251 and 10999.
647
Calculate the highest common factor of 1747468 and 1140.
76
Calculate the greatest common divisor of 574001 and 5023835.
1061
Calculate the greatest common divisor of 106 and 46861381.
53
Calculate the highest common factor of 4 and 68469512.
4
What is the greatest common factor of 325145174 and 310?
62
What is the greatest common factor of 23166462 and 143?
11
Calculate the greatest common divisor of 2 and 12974146.
2
Calculate the highest common factor of 1818688 and 3616.
32
What is the highest common divisor of 120 and 2296056?
24
What is the highest common divisor of 166285927 and 1379?
197
What is the highest common factor of 52699 and 32707931?
349
What is the highest common divisor of 91962 and 226174?
26
Calculate the greatest common factor of 253203977 and 4706.
2353
Calculate the highest common factor of 1580 and 659550065.
395
Calculate the highest common factor of 171 and 79214097.
57
What is the greatest common divisor of 16378 and 6631?
19
Calculate the greatest common factor of 1121386 and 322.
14
Calculate the greatest common factor of 521544 and 11811.
93
What is the highest common factor of 140536125 and 1325?
1325
Calculate the greatest common factor of 7200 and 223650.
450
Calculate the highest common factor of 220 and 9296732.
4
Calculate the highest common divisor of 1400 and 84342720.
280
What is the highest common factor of 6985140 and 376?
188
What is the greatest common factor of 4241676 and 2424?
12
What is the greatest common divisor of 847257 and 24982422?
7773
What is the greatest common divisor of 1031179680 and 3915?
3915
Calculate the highest common divisor of 618360 and 20280.
120
What is the greatest common factor of 12 and 124128528?
12
What is the greatest common factor of 11817 and 3924557?
1313
Calculate the greatest common factor of 36192 and 73875360.
1248
What is the greatest common factor of 3051015 and 676995?
1815
Calculate the greatest common divisor of 14393 and 6224.
389
Calculate the highest common divisor of 681 and 123462803.
227
Calculate the highest common divisor of 282150182 and 358.
358
What is the greatest common divisor of 5795216 and 256?
16
Calculate the greatest common factor of 250 and 74034.
2
What is the greatest common divisor of 14756 and 1075165?
119
Calculate the greatest common divisor of 868 and 9857372.
28
What is the highest common divisor of 73587 and 68686364?
1291
Calculate the greatest common divisor of 122807 and 68707.
541
What is the greatest common factor of 18066 and 18?
6
Calculate th